Suppose 0 = -z - 3*z - 16. Let i be b(z). What is m(i)?
9
Let j be 2/(8*((-4)/16)/(-1)). Let c be (-6)/(-4)*(j - -1). Let z(r) = r. Determine z(c).
3
Let a = 14 - 12. Suppose -c - a*c = 9. Let u(b) = -2*b**2 - 5*b - 2. What is u(c)?
-5
Let n(m) = m**3 + 10*m**2 + 9*m + 3. Let h(s) = -s**3 - 9*s**2 - 8*s - 2. Let d(b) = -6*h(b) - 5*n(b). Suppose 0 = -25*x + 158*x + 68*x + 603. Calculate d(x).
-3
Suppose 5*d - 5*m + 25 = 0, -4 = -m + 1. Let l(j) = j**3 + j**2 + 4. Give l(d).
4
Let b(f) be the first derivative of f**3/6 - f**2 - 10*f + 7. Let k(l) be the first derivative of b(l). Give k(-3).
-5
Let t(n) = n**2 - 5*n + 6. Suppose 4*a = l - 1, 5*a + 13 = -7. Let m be ((-16)/(-12))/((-2)/l). Let b be m/(-4)*40/(-25). Calculate t(b).
2
Let n(l) = -l**2 - 2*l - 2. Let x be n(0). Let c(s) = -s**2 - 4*s + 3 + 5*s + 2 - 3. Give c(x).
-4
Let k(p) = p**3 + 5*p**2 - p + 3. Suppose -16 = t - 2*q - 7, q - 12 = 3*t. Give k(t).
24
Let y = -1 + 5. Let t(i) = -i**3 + 3*i - 5*i**2 + y - 3*i**2 - i - 9*i. Determine t(-7).
4
Let o(y) be the first derivative of 9*y + 1/2*y**2 - 12. Determine o(0).
9
Let u(i) be the third derivative of i**6/120 - i**5/15 + i**3 + 17*i**2 - 3. Calculate u(3).
-3
Let l = -17 + 21. Let h(c) = -2 - 3 - 5*c**3 - 3*c**3 + l. Give h(1).
-9
Let x(d) = d**3 + 2*d**2 + 4. Let n be x(-3). Let w be 100/(-125)*n/(-2). Let f(p) = -4*p + 1. What is f(w)?
9
Let o(s) = 3*s - 8*s**2 + s - 3*s. Suppose 24 = 4*x - 8. Let w = x + -7. What is o(w)?
-7
Suppose 3*i = 2*i + 2. Let y(u) be the second derivative of u**6/144 - u**4/12 + 2*u. Let k(c) be the third derivative of y(c). What is k(i)?
10
Let n(w) be the first derivative of -8*w**3/3 + w**2/2 + 1. Let u be (10/(-2))/(0 - 1). Suppose -4*q = u*j - 21, 2*q = 3*j - 3*q + 17. What is n(j)?
-7
Let w(h) = -h**2 + 3*h. Let o be (-5)/(15/12) - -14. Let i be 0 + 5/o*6. What is w(i)?
0
Let z be ((-2)/((-4)/(-66)))/(54/(-36)). Let m(l) = -2*l + 39. Give m(z).
-5
Let u(f) be the second derivative of 29*f**5/20 + f**3/6 - f**2/2 - 277*f. Determine u(1).
29
Suppose 0 = -16*g + 17*g. Suppose 13*d - 6*d + 28 = g. Let p(j) = j**2 + 3*j - 4. What is p(d)?
0
Suppose 5 = 5*c, -3*c + 12 = 2*m - c. Suppose m*f - 11 = 4. Let n(z) = -f*z + 2*z + 1 + 7*z**2 - 3*z**2 + 3*z + z**3. Calculate n(-2).
5
Let f be 13/4 - (-1)/(-4). Let b(j) = 3 - 2 - j + 4 + f. Give b(6).
2
Let a(s) = -2*s**3 - s**2 - 2*s - 1. Let z(c) = -18*c**3 - 4*c**2 - 10*c - 6. Let n(l) = 5*a(l) - z(l). Determine n(1).
8
Let h(m) be the first derivative of m**2/2 + 4*m + 337. Calculate h(12).
16
Let t(c) = -5*c**3 + 5 + 0*c**3 - 4*c**3 + 10*c**3 + 7*c**2 + 3*c. What is t(-5)?
40
Suppose -5*r - 2*w = -2*r + 10, -5*w + 21 = -4*r. Let a(l) = 5 + 5*l - l**3 - 4*l**2 + l**2 + 0*l**2. Give a(r).
1
Let c be 4 - (-4 - (-2 - 4))*-2. Let k(f) = f**2 - 6*f - 5. Give k(c).
11
Let i(p) = -p**3 + 4*p**2 - p - 2. Suppose 0 = 2*t - t - 2. Give i(t).
4
Let d(l) = -l**3 + 2*l**2 + 2*l + 1. Let x(a) = 3*a + 12. Let f be x(-3). Determine d(f).
-2
Let o(r) be the second derivative of -1/12*r**4 - 4/3*r**3 - 11/2*r**2 + 0 + 6*r. Let a be o(-7). Let f(h) = h**3 + 4*h**2 - 2*h - 6. Determine f(a).
2
Let k(u) = u**3 + 17*u**2 - 4*u + 2. Let q(a) = 3*a**3 + 50*a**2 - 13*a + 5. Let f(d) = 17*k(d) - 6*q(d). What is f(-12)?
28
Let k be (-6)/10 + (-48)/20. Let o(n) = 3*n**2 + 13 - 7*n**2 - n - 15 + 3*n**2. Determine o(k).
-8
Suppose 5*z = 6*z. Suppose z = -f - 5. Let j(i) = -i**2 - 7*i - 7. Calculate j(f).
3
Let p(m) = 7 - m**3 + m**3 + m**3 + 8*m**2 - 20 - 9*m. Calculate p(-9).
-13
Let s(f) = -f**2 + 33. Let z = 1 + -1. Give s(z).
33
Let j(x) = 3*x - 1. Let w(z) = -8*z + 3. Suppose 3*d - 69 = 6*d. Let p = -12 - d. Let b(v) = p*j(v) + 4*w(v). What is b(-4)?
-3
Let b(u) = -2*u - 20. Let h = 35 + -48. Determine b(h).
6
Let f = -10 - -19. Let z(w) = -2*w + 19. What is z(f)?
1
Let a(w) be the third derivative of -w**4/12 + w**3/6 + 12*w**2. Let v be a(-1). Let c(d) = d**2 - d - 1. What is c(v)?
5
Let b(j) = -5*j**2 - 9*j - 7. Let x(r) = -2*r**2 - 5*r - 3. Let w(y) = 3*b(y) - 7*x(y). Let s = -3606 + 3614. Give w(s).
0
Let j(i) = 2*i**3 + 16*i**2 + 18*i + 22. Let k be j(-7). Suppose 2*c = c + 4. Let v(h) = 2*h - h + 3 - c. Calculate v(k).
-7
Let z = 101 + -106. Let w(i) = i - 100 + 0*i + 45 + 54. What is w(z)?
-6
Let s(w) = -w**3 + 10*w**2 - 11*w + 8. Let x be s(8). Let n(b) = x*b - 96*b + 49*b. What is n(4)?
4
Let f(k) be the first derivative of -k**4/4 + 3*k**2/2 - k + 7. Let j be f(2). Let z be 6/9 + (-10)/j. Let a(x) = 4*x - 5. Give a(z).
11
Let j(a) = 3*a - 5. Let n(m) = -m + 4. Let r(b) = -4*j(b) - 3*n(b). Let v(q) = 8*q - 7. Let g(k) = -6*r(k) - 7*v(k). Give g(3).
-5
Let y(b) be the first derivative of -b**4/4 + 4*b**3/3 + b - 2. Let a be 0 - (15 - 3)/(-1). Suppose 4*n - 28 = -a. Calculate y(n).
1
Suppose -2*m = m - 24. Let r(p) be the third derivative of -p**4/12 + 3*p**3/2 - p**2 + 39*p. Calculate r(m).
-7
Suppose 12 + 12 = 4*y - 4*w, -4*y = 2*w. Let n(r) = -r**2 + 4*r + 1. Determine n(y).
5
Let h = 847 - 836. Let z(t) = t**2 - 7*t - 14. Determine z(h).
30
Let x(d) = -2*d + 22. Let k(l) = 2*l**3 - 3*l - 1. Let y be k(2). Give x(y).
4
Let y(w) be the second derivative of -w**3/6 - 20*w**2 - 509*w. Determine y(0).
-40
Let j(h) = -2*h - 11. Let l be j(-6). Let w be 2 + l + 0 + -3. Suppose 0 = -2*n - 4*o - 28, 3*n - 13 = -w*o + 5*o. Let g(q) = -q + 1. Calculate g(n).
5
Let d(i) = i**2 + 8*i + 6. Let n(m) = -m - 12. Let v be n(-4). Let r be d(v). Let j(f) = 1 - 8*f + 18*f + r*f**2 - 8*f. What is j(-1)?
5
Let l = 6/17 - -5/34. Let y(o) be the second derivative of -1/3*o**3 + 2*o + 0 - l*o**2. Determine y(-3).
5
Suppose 5*v + 3*b = 1 + 7, 5*b - 2 = 3*v. Let r be 38/304 + (-31)/(-8). Suppose 5*a - r*a = v. Let h(f) = -2*f**3 - f. What is h(a)?
-3
Let p(i) be the second derivative of -5*i - i**2 - 1/3*i**3 + 1/20*i**5 + 1/4*i**4 + 0. Calculate p(-4).
-10
Let a(i) = 5*i**3 - 3*i**2. Let p be 3/(-6) - 12/(-8). Let t(r) be the third derivative of -r**6/120 + 2*r**2. Let m(w) = p*a(w) + 3*t(w). Give m(2).
4
Let b(l) = -l**3 - 4*l**2 - l - 3. Let c(w) = 2*w**3 + 7*w**2 + w + 8. Let i(d) = -13*b(d) - 6*c(d). Determine i(-9).
9
Let h be (-2)/(-6) - ((-132)/9 + 8). Let l(q) = -q**2 + 8*q - 11. Give l(h).
-4
Let u(p) be the second derivative of p**5/20 + 3*p**4/4 - 3*p**3/2 + 3*p**2 - 134*p. What is u(-10)?
-4
Suppose -2*b + 4*s + 56 = 0, -2*b + 46 + 5 = s. Suppose 44 = -6*x + b. Let m(k) be the first derivative of 2*k**3/3 + 3*k**2/2 + 3*k - 1. Determine m(x).
12
Let p = 79 - 77. Let a be (114/9)/p + 9/(-27). Let s(w) = 4*w + 0 - 1 + 5 - w**2. What is s(a)?
-8
Suppose 11 = -4*a - 13. Let b = a - -4. Let i(s) be the third derivative of s**4/6 + s**3/6 - 17*s**2. What is i(b)?
-7
Let t(m) = m - 4. Suppose 0 = a + 2*a - 6. Suppose a*x = x + 2. Suppose -16 = -x*w - 2. Give t(w).
3
Let s(q) = 7*q - 6. Suppose 0 = -4*b + m - 9, -b + 2*m - 12 = 5*m. Let l(k) = 6*k - 5. Let p = -16 + 20. Let u(c) = b*s(c) + p*l(c). What is u(-2)?
-8
Let m(z) = -z**3 + 7*z**2 - 15*z + 9. Let l be m(3). Let y(p) = p**3 - p - 37. Calculate y(l).
-37
Let c(s) = -10*s + 1. Suppose -2*h - 7*t + 2 = -3*t, 4*h - 26 = 3*t. Give c(h).
-49
Suppose -2*x - 2*v = -6*x - 74, 0 = v + 1. Let y = -21 - x. Let c(l) be the second derivative of l**3/3 - l**2/2 - l. Give c(y).
-5
Suppose 0 = -3*m + 2*f - 115, 3*f - 152 = 4*m - 0*f. Let k = -42 - m. Let r(g) = -5*g - 1. Give r(k).
4
Let c(v) = 4*v**2 + v. Let y = 49 + -48. What is c(y)?
5
Let h(a) = 3*a**2 - 1 + 8*a**3 - 18*a + 7*a**3 - 17*a**3 + 20*a. What is h(-2)?
23
Let k = 101 + -104. Let g(s) be the first derivative of s**3/3 + s**2 + s + 10. Give g(k).
4
Let y be -3 - -4 - -2 - 15/(-3). Let v(w) = w**2 - 10*w + 16. Determine v(y).
0
Let f(q) be the second derivative of q**5/20 + 5*q**4/12 + q**3/3 - q**2/2 + 30*q + 2. Give f(-3).
11
Suppose 208 = 29*t + 63. Let r(i) be the third derivative of 5/6*i**3 + 0*i - 8*i**2 - 1/60*i**t + 0 + 5/24*i**4. What is r(5)?
5
Let y(f) be the first derivative of -f**4/4 + 8*f**3/3 - 2*f**2 - 4*f + 478. Calculate y(6).
44
Let s(d) be the second derivative of -d**4/12 - 5*d**3/2 - 6*d**2 + 92*d + 5. Give s(-10).
38
Let g(m) = -3*m + 30. Let u be g(10). Let y(o) = -o**3 - 2*o**2 - o + 5. Determine y(u).
5
Suppose -4 = -3*t + 8. Suppose 5*m + 6 + t = 0. Let u(